6*b - 1 - 7 - 9. Let r be n(8). Suppose 0 = -5*d + 157 + r. What is the highest common divisor of 46 and d?
23
Let y = 566 - 556. Calculate the highest common divisor of 58 and y.
2
Suppose 26 = -4*l + 26. Suppose l = 2*v - 17 + 13. Suppose 0 = 5*z + j - 29, -3*j = v*z - 0*z - 22. Calculate the highest common divisor of z and 45.
5
Let q(d) = d**3 + 7*d**2 - 1. Let p be q(-6). Suppose 9*z - 77 = -2*z. Suppose 10 = -z*g + 59. Calculate the highest common divisor of g and p.
7
Suppose 0 = 12*r - 462 - 90. Let i(g) = 2*g**3 - 10*g**2 - 2*g + 2. Let l be i(7). What is the highest common factor of r and l?
46
Suppose 9*y - 4 = 59. Suppose -157 = -2*m + u, 10*m - 237 = y*m + 2*u. Calculate the greatest common divisor of m and 44.
11
Suppose -2*s = 4*c + 2*s - 628, 2*c - 2*s - 330 = 0. Let n = 7244 + -7237. Calculate the greatest common factor of n and c.
7
Let u = 254 + 31. Let f be (1*15)/(5 + (-12)/3). What is the greatest common divisor of f and u?
15
Let s(n) = -21*n + 4. Let h be s(3). Let j = h + 130. Suppose -4*c - 5*i = -108, 2*i = -5*c + 47 + j. Calculate the greatest common divisor of 44 and c.
22
Suppose -62*s - 198*s + 9867 + 43953 = 0. Calculate the highest common divisor of s and 36.
9
Let g(i) = i**3 + 36*i**2 - 2*i - 76. Let o be g(-36). Let q be (-711)/(-31) + o/(-62). What is the greatest common factor of 299 and q?
23
Let z(u) = u - 561*u**2 - 1 + 569*u**2 + 3*u + 6. Let w(k) = k**2 + 8*k + 3. Let c be w(-7). Let n be z(c). What is the greatest common divisor of n and 13?
13
Let q(x) = -379*x**3 - 3*x**2 + 13*x + 46. Let w be q(-2). Calculate the highest common factor of w and 160.
160
Suppose -b + 128 = 4*h - 2*h, 613 = 5*b + h. Let m = 248 - b. What is the greatest common divisor of 42 and m?
42
Suppose -61*l - 39070 = 10*l - 548282. Calculate the greatest common factor of 44 and l.
44
Let z be 8/(-1) + 7 - -1472 - 7. Calculate the greatest common factor of z and 6039.
183
Let g = 23243 - 22871. Calculate the greatest common divisor of 6 and g.
6
Suppose 0 = 2*h + 5*z - 53, 0*h + 2*z + 118 = 5*h. What is the highest common factor of h and 13656?
24
Let m(w) = w**3 + 7*w**2 - 6*w - 5. Let u be m(-5). Let n = 30082 + -30037. Calculate the highest common factor of u and n.
15
Let j = 449 - 457. Let c be ((-46)/(-4))/(j/(-784)). Calculate the greatest common factor of 23 and c.
23
Let d be (-78)/(-13) - 666*(-6)/12. Calculate the greatest common divisor of d and 6.
3
Suppose 24846 = 362*a - 280*a. Calculate the highest common factor of a and 6767.
101
Let b = -12225 - -12235. Let w be 1/(-2 - -1)*-5. Suppose 2*a = -3*q + 86, -a - w*q = 2*a - 130. Calculate the greatest common factor of b and a.
10
Suppose 4*z = -h + 4107, -4*z + 3056 = 2*h - 1054. What is the greatest common divisor of z and 608?
38
Let o be ((-126)/(-49))/((-2)/(-9) + 150/(-1890)). Calculate the greatest common divisor of o and 888.
6
Let j = 2 - -2. Suppose 0 = j*p - 3*i + 2*i - 108, 0 = -2*p + 5*i + 54. Suppose 272*x - 274*x + 72 = 0. What is the greatest common divisor of p and x?
9
Let w be ((-20)/6 - -5)/(2/(-84)*-5). What is the highest common factor of 1477 and w?
7
Let i be 3/(-15) + 62/10. Let c(d) = 3*d - 8. Let f be c(i). Let m(o) = o**3 - 9*o**2 + 10. Let q be m(f). What is the highest common divisor of 22 and q?
22
Suppose -126975 = -71*z + 330123. What is the greatest common divisor of 174 and z?
174
Let g(n) = -4*n**2 - 19*n + 19. Let h be g(-5). Let i = -76 + 307. What is the greatest common factor of i and h?
7
Suppose 13*p - 13193 = -28*p + 97384. Calculate the highest common factor of 465 and p.
93
Let x = -12827 - -13343. What is the highest common divisor of x and 72?
12
Suppose -90*t = 161*t + 760851 - 2021875. What is the greatest common divisor of t and 471?
157
Let c(f) = 2*f**2. Let w be c(3). Let b = -36 - -36. Suppose 3*a - 31 + 4 = b. What is the greatest common factor of w and a?
9
Let q(k) = 3*k**3 + 2*k**2 - k. Suppose 76*c - 71*c - 5 = 0. Let t be q(c). Let v = -74 - -78. What is the highest common factor of v and t?
4
Let v(l) = 4*l**2. Let o be v(3). Suppose 81*d - 38 = 78*d - 2*n, 4*d + 2*n - 46 = 0. What is the highest common divisor of d and o?
4
Let p = 2917 - 2784. What is the greatest common divisor of 1102 and p?
19
Suppose -f + 10*s + 9814 = 0, -7*f - 29338 = -10*f + 4*s. Calculate the greatest common factor of 27 and f.
27
Let o = -10696 - -11896. Calculate the greatest common divisor of 144 and o.
48
Let u be (-126)/(28 - 7) + 1 + 3450. Calculate the highest common divisor of u and 65.
65
Let o(d) = 2*d**2 - 73*d - 419. Let y be o(-6). What is the highest common factor of 266 and y?
7
Suppose 0*y + 6*y - 24 = 0. Suppose 2*q - 2 = 0, -q - 18 = -f - y*q. Calculate the greatest common divisor of 120 and f.
15
Let v = 57 + -1. Let h(n) = -n**2 + 47*n - 70. Let s be h(42). What is the greatest common factor of v and s?
28
Suppose 5*b + 8 = 28, 2*u + 3*b - 342 = 0. Let t = 13845 + -13735. What is the greatest common factor of u and t?
55
Let a be (11/(-154) - (-13673)/(-462))/(3/(-9)). What is the greatest common factor of 15397 and a?
89
Let k be 1 + (-2082)/(-8) + (-255)/204. Calculate the highest common divisor of k and 1196.
52
Suppose 0 = -5*c + 5 + 5, -c = 3*a - 20. Let t be (-25)/(-3) - (a/9)/(-1). Let y be (-52 + -2)/(6/(-4)). Calculate the highest common factor of y and t.
9
Let c(g) = 5*g**2 - 82*g + 45. Let a be c(18). Calculate the highest common factor of 8127 and a.
189
Suppose 0 = -3*o - 24, -10*p - 5*o + 256 = -8*p. Let f(s) = 3*s**3 + 3*s - 3. Let i be f(3). Let z = i + -50. What is the highest common factor of z and p?
37
Let u be (-77371)/(-77) + (-4)/(-22) + 0. Suppose 1180 = 5*a - u. Calculate the greatest common divisor of a and 23.
23
Let u(k) = 108*k**3 - 52*k**3 - 57*k**3 + 55. Let y be u(0). Calculate the greatest common factor of y and 5.
5
Suppose 402560 = 23*t - 134950. What is the highest common divisor of 95 and t?
95
Let a = 1316 - 1076. Calculate the highest common divisor of 165 and a.
15
Suppose -5*l + 18075 = 3*b + 2566, 0 = 2*b + 4. What is the highest common factor of l and 203?
29
Let p be (-132787)/(-107)*((-1)/3 + 4/3). What is the highest common divisor of p and 68?
17
Let q(o) = -345*o - 1721. Let l be q(-5). What is the highest common factor of 4844 and l?
4
Suppose 2*p - b - 14 = 0, 5*b = 2*p - 3*p + 7. Suppose -p*u + 91 = -0*u. Calculate the highest common divisor of 455 and u.
13
Let o = -2557 - -2593. Calculate the highest common divisor of 16 and o.
4
Let c be (17 - 1) + 13/(13/(-4)). Suppose -3*a + 33 = c. Suppose t - 101 = 2*s, -t - s = -5*t + 369. Calculate the greatest common factor of a and t.
7
Suppose 82*t - 16*t - 14174 = -1304. What is the greatest common factor of 2470 and t?
65
Let s(v) = v - v - 1 + 5 + 11 - v. Suppose -y = -4 - 9. Let x be s(y). What is the greatest common factor of 26 and x?
2
Let t(l) = -l**2 + 52*l - 145. Let m be t(49). Let q be 31 - m - (-42)/(-7). What is the highest common factor of q and 989?
23
Let a(h) = 12*h**2 - 458*h + 78. Let y be a(45). Calculate the highest common divisor of y and 24.
24
Suppose -4*r + 0*a = -4*a - 20, -2 = -r + 4*a. Let z(v) = 3*v + 17. Let q be z(r). Calculate the greatest common divisor of 140 and q.
35
Suppose 0 = -b - 3*l + 22, -3*b + 181 = 3*l + 127. What is the greatest common factor of b and 568?
8
Let q(z) = 4*z + 12 + 16 - 3*z**2 - 23 - 2*z**3. Let j be q(-2). Calculate the greatest common factor of 3 and j.
1
Let v = -84 + 129. Suppose 0 = -300*i + 297*i + 2160. What is the greatest common factor of v and i?
45
Let u = 16 + -14. Suppose 5*f + 3*r - u*r = -185, -4*f - 3*r = 148. Let l = 61 + f. Calculate the greatest common divisor of 36 and l.
12
Let b(u) = -2*u**3 + 4*u**2 - 67. Let n be b(-7). Calculate the greatest common factor of 10 and n.
5
Let n(m) = m**2 + 15*m - 12. Let j be n(-16). Suppose j*c = -2*c + 1518. Calculate the greatest common divisor of c and 11.
11
Let l be 1/3 - (9692028/(-81))/43. Calculate the greatest common divisor of l and 121.
121
Let t = -3189 + 3345. Calculate the greatest common divisor of t and 377.
13
Suppose -10*w = -12*w - 10, -4*i = 3*w - 49. Let y be (-396)/(-27)*-4*(-12)/i. What is the greatest common divisor of y and 484?
44
Let o = -1855 + 1887. Calculate the 